 of 427535137?
5
What is the ten thousands digit of 135763724?
6
What is the hundreds digit of 24492548?
5
What is the millions digit of 168113015?
8
What is the millions digit of 12134837?
2
What is the hundred millions digit of 836883323?
8
What is the hundred thousands digit of 5906704104?
7
What is the thousands digit of 3404909450?
9
What is the units digit of 417755905?
5
What is the ten thousands digit of 970855040?
5
What is the ten millions digit of 194817687?
9
What is the hundred thousands digit of 390975350?
9
What is the ten millions digit of 251579128?
5
What is the millions digit of 686101845?
6
What is the hundreds digit of 432744899?
8
What is the hundred thousands digit of 615530820?
5
What is the tens digit of 656248825?
2
What is the hundred millions digit of 6013336502?
0
What is the hundreds digit of 1872654864?
8
What is the ten thousands digit of 449821589?
2
What is the hundred thousands digit of 103875140?
8
What is the ten millions digit of 41545508?
4
What is the ten millions digit of 77646851?
7
What is the units digit of 3416026125?
5
What is the hundred millions digit of 2509528763?
5
What is the tens digit of 229208?
0
What is the hundreds digit of 54033830?
8
What is the hundreds digit of 3430403821?
8
What is the units digit of 1734957663?
3
What is the millions digit of 6878549121?
8
What is the hundred thousands digit of 332628952?
6
What is the thousands digit of 769868429?
8
What is the hundreds digit of 3080969?
9
What is the ten millions digit of 2106658640?
0
What is the hundreds digit of 266208505?
5
What is the units digit of 168384449?
9
What is the tens digit of 360904129?
2
What is the tens digit of 172387409?
0
What is the hundred millions digit of 652963174?
6
What is the hundred thousands digit of 555625843?
6
What is the tens digit of 2060928816?
1
What is the ten thousands digit of 452115795?
1
What is the ten millions digit of 1730959638?
3
What is the units digit of 146418699?
9
What is the thousands digit of 212878065?
8
What is the hundred thousands digit of 6122894279?
8
What is the thousands digit of 134062992?
2
What is the hundred thousands digit of 81539751?
5
What is the thousands digit of 8325883308?
3
What is the ten millions digit of 211220863?
1
What is the millions digit of 984004215?
4
What is the millions digit of 127494685?
7
What is the millions digit of 24344209?
4
What is the billions digit of 6404424769?
6
What is the thousands digit of 4593265181?
5
What is the hundred millions digit of 352813349?
3
What is the hundred millions digit of 153016454?
1
What is the hundreds digit of 4237616670?
6
What is the thousands digit of 1683016976?
6
What is the tens digit of 307796260?
6
What is the thousands digit of 623878338?
8
What is the hundred millions digit of 100146203?
1
What is the millions digit of 822416793?
2
What is the units digit of 945906912?
2
What is the tens digit of 74856682?
8
What is the millions digit of 38889157?
8
What is the tens digit of 79817380?
8
What is the hundred thousands digit of 254826189?
8
What is the hundred thousands digit of 45200213?
2
What is the hundred thousands digit of 406461367?
4
What is the ten millions digit of 66374753?
6
What is the ten thousands digit of 799263698?
6
What is the millions digit of 2364549580?
4
What is the hundred thousands digit of 409444965?
4
What is the ten thousands digit of 2027373645?
7
What is the tens digit of 150971072?
7
What is the hundred thousands digit of 17209251?
2
What is the units digit of 137362526?
6
What is the billions digit of 4409064408?
4
What is the ten millions digit of 14345158?
1
What is the hundred thousands digit of 11447475?
4
What is the units digit of 87890290?
0
What is the hundred thousands digit of 1448857563?
8
What is the hundred thousands digit of 5670621?
6
What is the hundred thousands digit of 110527178?
5
What is the tens digit of 71995098?
9
What is the ten millions digit of 62906281?
6
What is the hundreds digit of 5723098141?
1
What is the millions digit of 67867640?
7
What is the thousands digit of 10505605?
5
What is the thousands digit of 225346332?
6
What is the thousands digit of 198351964?
1
What is the tens digit of 119068418?
1
What is the hundred millions digit of 112642407?
1
What is the hundreds digit of 31234229?
2
What is the hundreds digit of 4665932?
9
What is the thousands digit of 397032602?
2
What is the tens digit of 1363232098?
9
What is the millions digit of 6484322764?
4
What is the units digit of 12298675?
5
What is the hundred thousands digit of 362936898?
9
What is the hundreds digit of 46851464?
4
What is the millions digit of 768894444?
8
What is the millions digit of 124748985?
4
What is the hundred millions digit of 651233315?
6
What is the thousands digit of 5864825?
4
What is the thousands digit of 552006613?
6
What is the units digit of 43699884?
4
What is the millions digit of 40909294?
0
What is the hundred millions digit of 1482094199?
4
What is the millions digit of 924442177?
4
What is the units digit of 247640591?
1
What is the hundreds digit of 1313904533?
5
What is the hundred millions digit of 3501597607?
5
What is the millions digit of 812270081?
2
What is the hundred millions digit of 199212214?
1
What is the hundred millions digit of 406276807?
4
What is the ten millions digit of 69641771?
6
What is the thousands digit of 31153629?
3
What is the thousands digit of 395135400?
5
What is the tens digit of 553440443?
4
What is the units digit of 45898081?
1
What is the ten millions digit of 928521812?
2
What is the units digit of 114121698?
8
What is the millions digit of 579505470?
9
What is the thousands digit of 73048172?
8
What is the units digit of 1176903526?
6
What is the thousands digit of 702203808?
3
What is the hundred thousands digit of 7080191?
0
What is the hundreds digit of 456743734?
7
What is the tens digit of 20123804?
0
What is the units digit of 1198327197?
7
What is the millions digit of 912962469?
2
What is the tens digit of 5733609?
0
What is the tens digit of 7234000254?
5
What is the ten millions digit of 768000215?
6
What is the ten millions digit of 96085866?
9
What is the hundred thousands digit of 98721345?
7
What is the hundred thousands digit of 69386941?
3
What is the ten millions digit of 153742796?
5
What is the hundreds digit of 454471643?
6
What is the ten thousands digit of 306420370?
2
What is the hundreds digit of 4707560067?
0
What is the hundred millions digit of 392103341?
3
What is the hundred millions digit of 659606053?
6
What is the hundred thousands digit of 698646273?
6
What is the tens digit of 239782941?
4
What is the units digit of 32997810?
0
What is the ten millions digit of 1266794250?
6
What is the units digit of 110536458?
8
What is the ten thousands digit of 10431765?
3
What is the ten thousands digit of 100120195?
2
What is the thousands digit of 36422474?
2
What is the hundred millions digit of 349711939?
3
What is the hundred millions digit of 1683547129?
6
What is the tens digit of 16734288?
8
What is the hundreds digit of 189467536?
5
What is the units digit of 32429911?
1
What is the ten thousands digit of 323714768?
1
What is the thousands digit of 240280568?
0
What is the ten millions digit of 903435277?
0
What is the ten millions digit of 59797350?
5
What is the millions digit of 61464107?
1
What is the hundreds digit of 59873163?
1
What is the units digit of 36334825?
5
What is the thousands digit of 96784452?
4
What is the thousands digit of 42779252?
9
What is the thousands digit of 461129592?
9
What is the tens digit of 1673353920?
2
What is the ten thousands digit of 5623000307?
0
What is the hundred thousands digit of 154322033?
3
What is the ten thousands digit of 989272666?
7
What is the hundreds digit of 162490184?
1
What is the units digit of 310791471?
1
What is the ten thousands digit of 41990878?
9
What is the units digit of 1083247478?
8
What is the millions digit of 1558043742?
8
What is the billions digit of 1697094234?
1
What is the hundred thousands digit of 16812573?
8
What is the hundreds digit of 4156537298?
2
What is the hundred millions digit of 5651707485?
6
What is the hundred thousands digit of 42641820?
6
What is the hundred thous